ulate the remainder when 2841 is divided by j.
33
Let v = -133 - -210. What is the remainder when v is divided by ((-65)/10 - -8)*6 + (-3 - 1)?
2
Let q(h) = -11*h + 19. Let i be q(3). Let v = 19 + i. Suppose -3*w + 61 = -4*s, 4*w = v*s - s + 80. What is the remainder when 74 is divided by w?
17
Let q(p) = 302*p + 952. What is the remainder when 2069 is divided by q(-3)?
45
Let v = 3 + 48. Calculate the remainder when (v - 1) + 0 + -2 is divided by -5 - ((-186)/16 + (-66)/176).
6
Suppose -1049 - 1450 = -17*t. Suppose 75*u = 78*u - t. Calculate the remainder when u is divided by 29.
20
Let a(n) = n**2 - 6*n + 16. Let m be ((-3)/(-1))/(15/20). Let u(d) = 2*d**2 + d - 2. Calculate the remainder when u(3) is divided by a(m).
3
Suppose 46*l + 92120 = 186*l. What is the remainder when l is divided by 72?
10
What is the remainder when 321 is divided by 1*20 + (34 - -34)?
57
Let b be 6/10 - (-1406)/190. Calculate the remainder when 410/(b + -3) + 6 is divided by 52.
36
Suppose 50 + 6 = 14*v. Suppose 0 = -4*g + 3*q + 1044, g + v*q - 274 = 8*q. What is the remainder when g is divided by 26?
24
Let j = 123 - 37. Suppose -2*d + 64 = 2*a, 0 = 4*d - d + 5*a - j. What is the remainder when 105 is divided by d?
31
Let j be 2181/(-2)*(-11 - (-403)/39). Let h = 732 - j. What is the remainder when 152 is divided by h?
2
Suppose g = 212 - 54. Calculate the remainder when g is divided by 25*4/15*6.
38
Suppose -4*w = 3*t + 5, 4*t + 7 = -3*w - 2. Let n be ((-19)/(-4))/(9/36). Suppose w + n = 2*k. What is the remainder when 16 is divided by k?
6
Suppose -z + 8 = 3*w, -3*z = 5*w - 0*z - 12. Suppose -w*y = -51 + 9. Calculate the remainder when 137 is divided by y.
11
Let t(j) = 1772*j - 6216. What is the remainder when t(4) is divided by 426?
20
Suppose 0 = 4*o + f + 3*f + 4, -3 = f. Suppose o*i - 1 = -5. Calculate the remainder when 23 is divided by (-22 - -18) + i/(-2) + 8.
3
Suppose -14*t + 9*t = -r - 262, 2*r = -2*t + 100. Calculate the remainder when 374 is divided by t.
10
Suppose -22*y - 140*y - 45*y = -74106. Calculate the remainder when 648 is divided by y.
290
Suppose -342 + 1434 = 7*s. Suppose 2*t - 5*d - 90 = -0*t, 4*t - 4*d - s = 0. Calculate the remainder when t is divided by 12.
11
Let s(f) = 5*f - 11. What is the remainder when s(7) is divided by (1 - 42/54) + 530/45?
0
Suppose 19 + 1 = -2*s + 2*h, -h = -5. Let v(t) = -t**3 - 2*t**2 + 4*t - 5. Calculate the remainder when v(s) is divided by 3.
2
Let u(h) = -60*h + 276. Let i(n) = 19*n - 92. Let c(o) = -16*i(o) - 5*u(o). What is the remainder when 189 is divided by c(15)?
29
What is the remainder when ((-924)/8)/3*(-4 - 96/42) is divided by 48?
2
Let o be (-4)/5 + (-84)/20. Let l(p) be the second derivative of -2*p**3/3 + 3*p**2 + p. What is the remainder when l(o) is divided by 7?
5
Let o(x) = x + 2. Let m be o(-16). Calculate the remainder when (-14)/49 + (1 - 1446/m) is divided by (39 - 27)*3/2.
14
Suppose -3*v = -5*j - 466, -7*j + 10*j - 754 = -5*v. Let o = v - -154. Calculate the remainder when o is divided by 28.
26
Suppose 180*i - 176*i + 3300 = 0. Calculate the remainder when 66 is divided by 150/i + ((-387)/11)/(-1).
31
Let m = 17038 + -16923. What is the remainder when 1376 is divided by m?
111
What is the remainder when 679 is divided by (-1024)/384*414/(-8)?
127
Suppose 121*s - 59*s + 5239 = 93*s. Calculate the remainder when s is divided by 16.
9
Let r be ((-7)/(-28))/(2/(-8)) + 5. Suppose 10*c - r*c = 6. What is the remainder when 9 is divided by c?
0
Suppose 1567 = 5*q - o, -3*q + 929 = -0*q + 5*o. Let p be 2136/10 + 407/55 + (-12 - -5). Let g = q - p. Calculate the remainder when g is divided by 25.
24
Let i(b) = 39*b - 548. Let l be i(14). Let a(o) = 4*o - 1. What is the remainder when -7 - (-1 - 43 - l) is divided by a(5)?
16
Suppose -o - 10 = -6*o. What is the remainder when (-1 - -121) + -1 + o is divided by 507/1183*(-1)/(-6) + (-1719)/(-42)?
39
Suppose 104 = 5*t + 3*t. Suppose -t*x - 3*h = -18*x + 82, -3*x - 5*h + 22 = 0. Calculate the remainder when 22 is divided by x.
8
Let x(f) = -f**3 + 78*f**2 + 982*f - 154. Calculate the remainder when 255 is divided by x(89).
29
Let y(g) = -g**3 + 5*g**2 + 12*g + 14. Let l be y(-4). Suppose -l = 11*i - 16*i. What is the remainder when 95 is divided by i?
7
Let l(w) = -w**2 + 9*w - 14. Let j be l(7). Suppose -5*h - 155*o + 160*o + 1400 = j, -5*h = 4*o - 1355. What is the remainder when h is divided by 31?
27
Let g = 4968 + -4917. Let l(v) = v + 2. Let a(n) = -6*n - 13. Let o(m) = 6*a(m) + 39*l(m). Calculate the remainder when g is divided by o(3).
6
Let m = 1190 + -1173. Calculate the remainder when (-1 + 1 - 1)*-185 is divided by m.
15
Suppose -2898 = -15*t - 15*t + 12*t. What is the remainder when 334 is divided by t?
12
Suppose n - h - 341 = 0, -2*n + 652 = 10*h - 6*h. Suppose 5*i - n = -i. What is the remainder when i is divided by 10?
6
Suppose 4*o = 3*s - 10, -16*s = -21*s - o + 32. What is the remainder when 309 is divided by s?
3
Calculate the remainder when 2902 is divided by (398 - 2)*1/3.
130
Suppose -4*b = 29 - 21. Let i be (1/(-2))/(b*(-2)/48). Let t = i + 8. Calculate the remainder when 14 is divided by t.
0
Let c(z) = 3*z**2 + 65*z + 291. Let g(j) = -1 - j + 0*j - j. Calculate the remainder when c(-5) is divided by g(-6).
8
Calculate the remainder when 351 is divided by -1*(-1 + -3) - (-71 + -4).
35
Let o = -40475 + 40485. Let t(d) = d**3 + 8*d**2 + 6*d + 4. What is the remainder when t(-5) is divided by o?
9
Let m be -5 + (-1077)/3 + 5. Let v = m + 443. Calculate the remainder when 245 is divided by v.
77
What is the remainder when (-5)/(((-1)/(-47))/(31 + -32)) is divided by 13?
1
Let x = -26 + 33. Let a be (-52)/8*-4 - (0 - 0). Suppose u - a = -6*i + 2*i, u - 20 = -i. Calculate the remainder when u is divided by x.
4
Suppose -p - 4*y - 5 = 0, -2*y + 0*y = -2*p + 20. Calculate the remainder when (-1 + p)/(26/663) is divided by 13.
10
Suppose 114*x - 585346 = 417284. What is the remainder when x is divided by 21?
17
Suppose -20 = 54*h - 55*h. Let g(k) = -k**3 - 4*k + 1. Let f be g(-3). Let s = f - h. Calculate the remainder when s is divided by 13.
7
Let r(y) = 23*y**3 - y**2 - y + 1. Let j = 86 - 18. Let x = 109 - j. What is the remainder when x is divided by r(1)?
19
Let m(t) = 102*t**2 + 1017*t - 23. Calculate the remainder when m(-12) is divided by 30.
1
Suppose 5*b + 107 = -s + 2*s, b = 2*s - 259. Suppose -u + s = 3*u. What is the remainder when u is divided by 67/7 - -4*46/(-322)?
6
Suppose -5049 = -3*a - 57*k + 55*k, -5*a = 4*k - 8411. What is the remainder when a is divided by 413?
35
Let z = 7907 - 7460. What is the remainder when z is divided by 79?
52
What is the remainder when 14 - (1 - (-5 - -1959)) is divided by 13?
4
Let q be (-1)/(6/(-9))*1614/9. Suppose 395 + q = 4*s - v, -4*s + 660 = -2*v. Calculate the remainder when s is divided by 17.
14
Let c = -5432 - -5438. What is the remainder when 597 is divided by c?
3
Let u = 31 + -24. Let k = -10281 + 10545. What is the remainder when k is divided by u?
5
Let u(h) = -h**3 + 10*h**2 - 10*h + 9. Calculate the remainder when 7369 is divided by u(2).
19
Let x be (-44884)/(-147) - (-2)/(-6). Let d = -295 + x. Calculate the remainder when 36 is divided by d.
6
Suppose 3*p + 45 = 12*p. Suppose 14*a = -p*u + 10*a + 102, -63 = -4*u + 3*a. What is the remainder when 35 is divided by u?
17
Let a = -11191 - -13398. Calculate the remainder when a is divided by 139.
122
Let y(u) = -744*u - 5924. Let i(n) = 4*n**2 - 6*n + 4. What is the remainder when i(5) is divided by y(-8)?
18
Calculate the remainder when 4738 is divided by ((-1698)/(-27) - 3) + (-880)/(-144) + -6.
58
Suppose -9176 - 5751 = -32*c - 27*c. What is the remainder when 2784 is divided by c?
1
Suppose -903 + 373 = -4*b + f, -3*b + 386 = 5*f. Suppose -b = 189*j - 200*j. Let w(q) = q**2 + q - 9. What is the remainder when w(-7) is divided by j?
9
Suppose -83*g = -81*g + 2*s - 76, -4*s = 2*g - 66. Let i(h) = 10*h**3 + 3*h**2 + h - 1. What is the remainder when i(3) is divided by g?
41
Suppose -4*r - 86 = -2*v, -3*v - 7*r = -5*r - 177. What is the remainder when 2636 is divided by v?
51
Let a be (-28)/(-252) + (-1)/9. Suppose 34 = 4*o + 5*n - 20, a = 5*o + 3*n - 74. What is the remainder when 159 is divided by o?
15